 - s**3 + 2*s**h + 9 - s**2. What is n(0)?
15
Suppose 3*q + 34 - 4 = 0. Let k(h) = h + 11. Give k(q).
1
Suppose 0 = 3*r - 9 + 3, -4*s + 6 = -r. Let d be s + 1/(1/(-8)). Let w(o) be the second derivative of -o**3/6 + 3*o**2/2 + o - 27. Calculate w(d).
9
Let h(d) be the second derivative of d**4/12 + d**3/2 - 3*d**2/2 - d. Let v = -5 + 1. Give h(v).
1
Let m(d) = d**3 - 5*d**2 + 6*d - 2. Suppose 0 = -3*r + 5*r - 4, -3*s + 2 = -5*r. Suppose -s*g + 2 = -2*g. Let p be 4 + 0 + (g - 1). Give m(p).
6
Let h(r) = r**2 + r + 1. Suppose s = 4 + 1. Suppose -5 + 20 = -s*q. Give h(q).
7
Let p(j) = j**2 - j - 1. Let k(w) = -w**2 + 4*w + 3. Let r be k(4). What is p(r)?
5
Let k be (0 - 5)*4/(-5). Suppose 0 = -2*b + 9 - 3. Let f(p) = 2*p**b - p**3 - p + 2*p + k. Determine f(0).
4
Let n(h) = h**3 + 12*h**2 + 11*h + 9. Suppose -16*m = -13*m + 33. Give n(m).
9
Let a = 1 + 1. Suppose 2*i + 9 = -v + a*v, -3*v - 6 = 5*i. Let p(q) = -4*q + 0*q - 6 + v*q. Give p(-4).
-2
Let c(r) = -r**2 - 3*r + 4. Let u(d) = d**2 + 21*d - 5. Let o be u(-21). Determine c(o).
-6
Let j(f) be the third derivative of f**5/60 - f**4/12 - f**3/3 + 2*f**2. Let a be j(4). Let i(o) = -o + 0 + 3 + a*o**2 - 4. Give i(-1).
6
Let t(s) be the third derivative of 1/4*s**4 + 2*s**2 + 1/60*s**5 + 0*s + 0 + s**3. Determine t(-5).
1
Let g(d) be the first derivative of -d**3/3 - 3*d**2/2 + 4*d + 49. Give g(-4).
0
Suppose -2 = -r + 2. Suppose 3*a = -r*x - 7 - 4, 12 = -3*x - 3*a. Let w(u) be the second derivative of 7*u**5/20 + u**4/6 - u**3/3 + u**2/2 - u. Give w(x).
8
Let w(m) = -m**2 - 7. Suppose -16*v = -12*v. What is w(v)?
-7
Let p(y) = 0*y - 3*y + 3*y + 1 - y. Let o(z) = -3*z**3 - z - 1. Let k be o(-1). Suppose 10 = l - k*l. Determine p(l).
6
Let i(y) = 5*y - 6. Let j(v) = 8*v - 1. Let t(c) = 7*c - 2. Let k(q) = -3*j(q) + 4*t(q). Let z(m) = 5*i(m) - 6*k(m). Determine z(5).
5
Let o(d) = d**3 + 5*d**2 - 7. Let x(m) = -m. Let z(s) = -o(s) - 2*x(s). Let c = -3 + -2. Determine z(c).
-3
Suppose 2*x = 3 + 1. Suppose -x*p - 4 = -m - 2, -m = 4*p - 14. Suppose -2*r + m*r = -12. Let d(n) = 2*n + 4. What is d(r)?
-2
Suppose -6*c - 5 = -7*c. Let u(y) be the first derivative of y**4/4 - 2*y**3 + 2*y**2 + 6*y - 1. What is u(c)?
1
Let u be ((-2)/6 - 1)*-3. Let z(a) = 0*a - u*a**2 + a - a + a**3 - 2*a + 3. Calculate z(2).
-9
Let y(q) = -2*q + q**2 + 0 + 3*q + 4. Let l = -2 + 2. Calculate y(l).
4
Let s(b) = -b**3 - 5*b**2 + 8*b + 9. Suppose -3*m + 16 + 5 = -p, -p = 2*m - 4. Calculate s(p).
-3
Let j be 0 + (-9)/(-3)*-1. Let w = 0 - j. Let z(r) be the third derivative of r**4/6 - r**3/2 + 6*r**2. What is z(w)?
9
Let i(l) = -6*l + 1. Let g(q) = q**2 - 12*q + 19. Let b be g(10). Determine i(b).
7
Let r(i) = -i + i**3 - 6*i**2 - i + 4 + 8*i - 2*i. Give r(5).
-1
Let f(n) be the first derivative of 11*n**3/3 - n**2 + n - 1. Let a = 198 - 197. Give f(a).
10
Let g(b) be the first derivative of -b**3/3 + b**2/2 + 18*b + 12. Give g(0).
18
Let l(s) = -s**3 + s - 6. Let x(w) = 8*w - 40. Let p be x(5). Determine l(p).
-6
Let r(n) = -11 - 13 + 23 + 6*n. Calculate r(2).
11
Let t(x) = -x - 3. Suppose 2*y + y - 5*q = 2, -3*q - 6 = -3*y. Suppose y*l - 2*l = -8. Give t(l).
1
Let x(a) = -44*a + 5 + 21*a + 20*a. Give x(4).
-7
Let q(s) be the second derivative of 2*s**3/3 + 3*s**2 + s - 27. What is q(-3)?
-6
Let c(x) = -4*x**2 - 4 + 4*x**2 + 0*x**2 - x**2 + 2*x. What is c(3)?
-7
Let r(m) = 5 - 3 - m - 1. Determine r(5).
-4
Suppose 5*g - 12 + 32 = 0. Let a(n) = -5*n**2 - 9*n - 1. Let l(j) = 11*j**2 + 19*j + 1. Let d(b) = g*l(b) - 9*a(b). Calculate d(-6).
11
Suppose 5*t - 4 = 1. Let u(a) be the third derivative of 19*a**4/24 - a**3/6 + 5*a**2. What is u(t)?
18
Let w(d) = -9*d + 2. Let t(v) = -8*v + 1. Let n(b) = 3*t(b) - 2*w(b). Calculate n(-3).
17
Let s(f) = 4*f + 21. Let n(p) = -2*p - 10. Let d = 4 - 10. Let t(a) = d*s(a) - 13*n(a). Give t(-4).
-4
Let x(f) be the first derivative of f**6/120 + 7*f**5/60 + 5*f**4/24 - f**3/6 + 5*f**2/2 - 3. Let o(n) be the second derivative of x(n). Determine o(-6).
5
Suppose 1 + 3 = 2*m. Let t(z) = 2*z - 3. Let x be t(m). Let q(a) = 8*a + 6*a**2 + 1 - 4*a - 6*a. Give q(x).
5
Let t(r) = r**2 + 408 - 5*r - 406 + 4*r. Let q be 0 + -2 + -2 + 2. Give t(q).
8
Let j(t) = 2*t**2 - 2*t**2 - 5*t - t**2 + 0*t. Determine j(-4).
4
Let s be (12/(-21))/(4/(-14)). Let u(f) = 2*f - 7 + s*f - 3*f + 0*f. Give u(3).
-4
Suppose 5*a + 11 = 3*s - 0*s, -a - 7 = -3*s. Let n(m) = s + 6*m + 0 - m**2 - 7. Determine n(5).
0
Let i be (-6)/4*(-8)/(-3). Let h(d) = d**3 + 4*d**2 - d. What is h(i)?
4
Let j be -3 + (-2)/(-3)*9. Let f(n) = n + 9 + j - 5. Let u(y) = -y**2 + 8*y. Let z be u(8). Give f(z).
7
Let d(f) = f**3 - f**2 + f - 7. Let x(o) = o**2 - 5*o + 4. Let s be 0/(-6)*1/(-2). Suppose -8 = -2*c - s. Let m be x(c). Give d(m).
-7
Let u(g) = g + 3. Let q(t) = t**3 - 7*t**2 + 6*t - 2. Let v be q(6). Give u(v).
1
Let d(y) be the first derivative of 2*y**2 + 8 - 3*y - 5/3*y**3 + 1/4*y**4. Calculate d(5).
17
Let x(d) = d**3 - 6*d**2 + 7*d - 6. Let n = 8 - 3. Give x(n).
4
Let q(a) be the second derivative of -a**5/20 + a**4/2 + 7*a**3/6 - 5*a**2/2 + 2*a + 1. Calculate q(7).
-5
Suppose 3*y + 3*b = 6, -5*b + 2 + 2 = 4*y. Let f(a) = -a**2 + 12*a - 8. Let i(m) = -2*m**2 + 23*m - 16. Let k(o) = 7*f(o) - 4*i(o). Give k(y).
-4
Let k(w) be the first derivative of w**3/3 - w - 13. Suppose 4*r = r + 12. Suppose 4*m - 10 = 3*u, -3*u - r*m + 0*m + 22 = 0. Give k(u).
3
Let t(g) = g**2 - 6*g - 2. Let w be t(7). Suppose -2*n - w = 3*n. Let x(m) = 1 - 2*m - 9*m + m. Determine x(n).
11
Let f(u) = u + 8. Let h(l) be the third derivative of -l**4/12 - 2*l**3 - 8*l**2. Let x(v) = 8*f(v) + 5*h(v). Let s = 10 - 5. What is x(s)?
-6
Let j(s) = -4 - 12*s - 6 + 9. Give j(1).
-13
Let x = 53 - 59. Let v(u) = -4*u - 4. Give v(x).
20
Suppose -2*x + 0*x = 2*f - 4, -f = -3. Let c(v) be the second derivative of 1/5*v**5 - 1/2*v**2 + 0*v**4 + 0 + v - 1/6*v**3. Give c(x).
-4
Suppose 0 = -5*r - 5*r - 80. Let o(a) = 2*a + 12. Calculate o(r).
-4
Let w = 3 - 1. Let g(p) = p**2 - p. Let o(h) be the third derivative of -2*h**5/15 + 7*h**4/24 + h**3/3 + 2*h**2. Let i(k) = -5*g(k) - o(k). Calculate i(w).
6
Let o be (-125)/(-20) + 1/(-4). Let l(t) = 6*t - 4 - t**3 + 3 - t**2 + 6*t**2. What is l(o)?
-1
Let w(l) = -l. Let j(f) = -f**2 - 5*f - 5. Let v(h) = j(h) + 3*w(h). Calculate v(-4).
11
Let c(w) = w**3 - 10*w**2 + 2*w - 19. Let j be c(10). Let b(g) = 2*g**3 + g**2. Calculate b(j).
3
Let r(v) = -v + 13. Let d(u) = 3*u - 27. Let f(j) = 2*d(j) + 5*r(j). Determine f(-8).
3
Let l = 1 + 2. Let k(x) = -x**2 - 5*x - 4 + l*x + 3. What is k(-2)?
-1
Let c(i) = -2*i**3 - 3*i**2. Let l = -3 + 6. Let o = -1 + l. Suppose 5*n = 5*h + 5 - 0, o*h + 4 = n. Calculate c(n).
4
Let k be 14/6 + 4/6. Let j(u) = -u**3 + 2*u**3 - u + 1 - 2*u**k + 4*u**2 + 2*u. What is j(4)?
5
Suppose -90 = -5*c - 5*c. Let g(u) = u - 3. Determine g(c).
6
Let l = 6 + -4. Suppose -l = -4*u + 6. Let j(p) = -17*p**2 + 1 + 19*p**u - 2*p + 0*p. Give j(1).
1
Let b(w) = -w**3 + 5*w**2 + 4*w + 7. Suppose 0 = -3*d - 3*g + 30, -d - 3*g = -4*g - 2. Calculate b(d).
-5
Suppose -3*z + 9 = 5*b, 2*b + 2*z = z + 4. Let n(l) = 2*l**2 - 3*l - 4. Let c be n(b). Suppose -c*m + 6 = -2*m. Let i(o) = -2*o + 2. Calculate i(m).
-2
Suppose 5*p = -0*p - 10. Let m(a) = a**2 - 1. Let h(w) = -6*w**2 - w + 6. Let g(v) = -h(v) - 5*m(v). Determine g(p).
1
Suppose -2*c + 4 = -o, 3 - 1 = 2*c - 2*o. Let v be -6 - -1 - (-2 + c). Let l(d) = -d**3 - 7*d**2 - 6*d + 4. Determine l(v).
4
Let q(r) = r**3 + 2*r**2 - r**2 - 3*r**2 - 2*r - 56 + 52. Calculate q(3).
-1
Let w = -8 + 11. Let q(h) = -5*h + w + 5*h - 3*h. Suppose 0 = 4*y + 3*n + 3, -n + 0*n = 5. Determine q(y).
-6
Let t = -115 - -111. Let u(z) = -4*z - 3. What is u(t)?
13
Let x(i) = i**3 - i**2 - 4*i - 3. Let z(f) = f**2. Let p(q) = x(q) + 2*z(q). Let g = 7 - 10. Determine p(g).
-9
Let n = 4 - 5. Let z(g) be the first derivative of g**2/2 - g - 1. Determine z(n).
-2
Let v = 100 - 100. Let z(k) be the third derivative of 1/4*k**4 - 1/6*k**3 + 4*k**2 + v + 0*k. Calculate z(1).
5
Let k(z) be the second derivative of 0 + z**2 - 3*z + 0*z**3 - 1/6*z**4. Let l(h) = h**2 - h - 2. Let d be l(0). Give k(d).
-6
Let z(x) be the second derivative of x**6/360 + 7*x**5/120 - x**4/6 + 4*x. Let h(k) be the third derivative of 